 prime factors of (18 + -1)*(-2 + w).
17
Suppose 12*q + 1336 - 3700 = 0. What are the prime factors of q?
197
Suppose 2*z - 29 - 77 = 0. List the prime factors of z.
53
Let y = -27 + 30. List the prime factors of y/5 - (-168)/20.
3
Let t = -77 - -170. What are the prime factors of t?
3, 31
What are the prime factors of (5 - 2)/(0 + 1)?
3
Suppose -221 = -5*a - 4*f, -2*a - 3*a + 4*f + 229 = 0. Suppose 2*d + 3*o = 4*o + 18, -5*d + 4*o = -a. What are the prime factors of d?
3
Let g(z) = 7*z + 6*z**2 + 2 - z**3 + 3 + 3 - 1. List the prime factors of g(7).
7
Let i(b) = 2*b - 4*b + 1 + 0*b + 3*b. Let c be i(-1). Suppose -m + 5 + 7 = c. List the prime factors of m.
2, 3
List the prime factors of (-15176)/(-196) - 6/14.
7, 11
Suppose 0*q + q - 4 = 0. Suppose -2*c + 7 - 3 = 0, -q*d - 2*c = -124. List the prime factors of d/25*(-50)/(-4).
3, 5
Let v(l) = l**2 - 3*l + 1. Let a(n) = 2*n**2 - 2*n + 3. Let k be a(2). Let w be v(k). Let t = w - 19. List the prime factors of t.
2, 5
Suppose r + 11 = 2*r. Let d = 0 - 3. Let l = r + d. What are the prime factors of l?
2
Suppose 0 = -0*a - a + 2*m + 8, -2*a = m - 6. Let g = 2 - a. List the prime factors of ((-1)/g)/((-1)/(-10)).
5
Let m(i) = -4*i**2 - 10*i. Let t(l) = -l**2 - l - 1. Let j(v) = m(v) - 3*t(v). Suppose -5 = 2*c + f + 8, -4*c = 5*f + 29. What are the prime factors of j(c)?
3
Suppose 6 = -4*z - 2*v, 4*z = -z + 2*v + 6. Suppose 84 = 4*f - z*f. What are the prime factors of f?
3, 7
Let v be (42/49)/((-2)/(-28)). Let r = -7 + v. Suppose 0 = r*d - o - 0*o - 40, 0 = -5*d - 4*o + 15. What are the prime factors of d?
7
Let j(w) = -2 - w**2 + 2 - 5 - 8*w. Let h be j(-7). Suppose h*m + 8 = 4*m. List the prime factors of m.
2
Let j(s) = 6*s**2 + s + 4. What are the prime factors of j(-2)?
2, 13
List the prime factors of (-10 + 8)/(2/(-24)).
2, 3
Suppose 0 = 3*a - 6*a + 27. List the prime factors of a.
3
Let t(y) = -y**2 + 5*y + 10. What are the prime factors of t(5)?
2, 5
Suppose -140 = -12*y + 340. List the prime factors of y.
2, 5
Let y be (-5 + 1)*6/(-4). Suppose 34 = 4*z - y. What are the prime factors of z?
2, 5
Let o = 8 - 4. Suppose -3*l + l + 3*d = -12, 5*d + 20 = -o*l. Suppose 0 = 5*r, -4*i + l*r = 5*r - 60. List the prime factors of i.
3, 5
Suppose -4*t + 15 = -t, 4*j = 4*t + 348. What are the prime factors of j?
2, 23
Suppose -c = 4*p - 55, 235 = 3*c - 4*p + 6. What are the prime factors of c?
71
Let d(o) = 11*o - 1. Suppose w + 3*w - 23 = -5*v, 7 = 2*w + v. Let n be d(w). Suppose 3*p - n = -0*p. What are the prime factors of p?
7
Let f = 2 - 12. Let v = f - -49. What are the prime factors of v?
3, 13
List the prime factors of (1/3)/(16/5328).
3, 37
Let s = 450 - 196. What are the prime factors of s?
2, 127
Let s(v) be the second derivative of -v**4/12 + 7*v**3/6 - v**2/2 - 2*v. What are the prime factors of s(6)?
5
Let u = 12 + -9. Suppose 8 = 2*j + 3*c, -c = -u*c. List the prime factors of j.
2
Suppose -147 = -5*j + k, 0*j - j - 5*k = -19. What are the prime factors of j?
29
Suppose 4*y + 39 = -5*g - 0*y, -y + 4 = 0. Let q = g - -14. List the prime factors of q.
3
Let q = 624 - 306. What are the prime factors of q?
2, 3, 53
Let d(m) = m**2 - m - 7. Let n be d(-4). Suppose 2*y - n - 29 = 0. What are the prime factors of y?
3, 7
Let p(x) = x**2 + 9*x + 2. Let o(i) = 2*i**3 - 3*i**2 - 4*i + 2. Let s be o(3). Suppose -2*g - s - 1 = 0. List the prime factors of p(g).
2
Suppose -78 = 3*o - 192. What are the prime factors of o?
2, 19
Let i(w) = w**2 - 6*w + 2. Suppose -9 = -5*o + 21. What are the prime factors of i(o)?
2
Suppose 15 = g + 2. Let w = g + 2. What are the prime factors of w?
3, 5
Let v(u) = -5*u**3 - 3*u**2 - 2*u - 2. Let a be v(-2). Suppose -5*b + a = 2*m, m - 3*b = -2*b + 29. What are the prime factors of m?
5
Let m(d) = -d - d**3 - 1 - 4*d**2 + 3*d**2 + 0*d**3. Let b be m(-1). Suppose 3*k - 36 - 6 = b. List the prime factors of k.
2, 7
Let c = 7 - 4. Suppose -j - 6*d + c*d = 15, 5*d + 45 = -5*j. Let w = -4 - j. What are the prime factors of w?
2
Suppose 2*p + 35 = -3*p. List the prime factors of (16/14 - 2)*p.
2, 3
Suppose -4*l + 5*l - 71 = 0. List the prime factors of l.
71
Suppose 2*w = 4*n - 0*n - 196, 0 = -4*n - 5*w + 168. List the prime factors of n.
47
Suppose 4*a - 89 = 51. What are the prime factors of ((-162)/(-15))/(7/a)?
2, 3
Suppose 49 = 4*p - 79. What are the prime factors of p?
2
Let b(t) = -t**2 - 9*t - 5. List the prime factors of b(-6).
13
Suppose 4*j + 20 = o, -j + 0 - 2 = 0. What are the prime factors of o?
2, 3
Let z(c) = -2*c + 9. Let i be z(6). Let j be 2/i + (-42)/(-9). Suppose -j*h + 23 = 3*d, -19 - 2 = -5*d + 2*h. What are the prime factors of d?
5
Let y(l) = -l**2 + 7*l - 4. Let x be y(6). Suppose x*g - 32 = -6. What are the prime factors of g?
13
Suppose 0 = -6*b + 15 + 33. List the prime factors of b.
2
Suppose -4*k = -2*k - 8. Let x(o) = -4 - o**2 + 0 - 1 + 6*o. List the prime factors of x(k).
3
Let r(z) be the third derivative of -z**5/60 + 7*z**4/24 + 5*z**3/3 + z**2. What are the prime factors of r(7)?
2, 5
Suppose 4*u + 110 = -5*j - u, -84 = 4*j + 5*u. Let f = j + 42. What are the prime factors of f?
2
Let t(c) = 60*c. Let x be t(1). Let g = 97 - x. Suppose -4*u - 2*n = -22, -4*n + g = 4*u - 7*n. What are the prime factors of u?
7
Let k = 63 + 8. What are the prime factors of k?
71
Let q be (1 + -1)/(-3) + 3. Let d be 1 + 0/(-3) + q. What are the prime factors of (-1)/d - (-49)/4?
2, 3
Let o = -10 + 23. List the prime factors of o.
13
Suppose 0 = 5*l - 2 - 3, 3*l + 199 = 2*o. List the prime factors of o.
101
Suppose -2*u + 58 = -r, u + 5*r + 9 - 27 = 0. Let y = -13 + u. What are the prime factors of y?
3, 5
Suppose -3*h = -x, 4*x = -x + 2*h. Suppose -f - 1 + 11 = x. List the prime factors of f.
2, 5
Let z be ((-76)/(-28) - 3)*-14. Suppose -z*c + 35 + 97 = 0. List the prime factors of c.
3, 11
Suppose 2*x - 11 = t, -x = -5*x + 16. Let q = t - -5. List the prime factors of q.
2
Suppose 6*m - 4*m = 4. Suppose -3*a - m = v, 3*v - 4*a + 2*a - 16 = 0. List the prime factors of v.
2
Let t(r) = -r**3 - 10*r**2 - 2*r - 11. List the prime factors of t(-10).
3
Let w = -145 - -43. Let p = -4 + 2. List the prime factors of w/(-3)*(-1)/p.
17
Let y(m) = m**3 - 5*m**2 - 4*m - 7. Let l = -26 - -44. Suppose -5*o + l = 3*t, 2*o + 4*t = -2*o + 8. List the prime factors of y(o).
5
Suppose 3*w - 5*p = -0*w - 2, p = 5*w - 26. Suppose -20 = 5*r + 4*k, 3*r - w = 2*k + 4. Let h(t) = t**3 - t + 19. What are the prime factors of h(r)?
19
Let m(h) = h**2 + 6*h + 6. Let z be m(-5). What are the prime factors of z*(-1 + -1) - -23?
3, 7
Suppose 2*w - 236 = -3*a, a + w - 67 - 10 = 0. What are the prime factors of a?
2, 41
Suppose 7*o - 99 - 244 = 0. What are the prime factors of o?
7
Suppose 0 = -3*v - 3, 0*v = -4*x - 3*v + 129. List the prime factors of x.
3, 11
Let f(s) = -7*s + 6. Let j be f(-6). Suppose 4*i + 0*i = 5*c + 147, 0 = i - 5*c - j. List the prime factors of i/6 - 1/2.
5
Suppose 0*m - m - 1 = 3*v, 28 = -4*v + 4*m. Let k be ((-4)/(-2) + -28)/v. Suppose -4*h = 3*b - 25, k = -0*b + b - h. What are the prime factors of b?
11
Let p = -4 - -12. Suppose 4 + p = 3*n. Suppose 6*y = n*y + 22. List the prime factors of y.
11
Suppose 3*t + 76 = -t. Let k = 55 - 55. What are the prime factors of (k - t) + -1 + 0?
2, 3
Let s(f) = -f**2 + 3*f + 5. Let o be s(4). Let g = o + 7. List the prime factors of g.
2
Let r be (2 + -2 - 0) + 50. Let g be 5/2*8/5. Suppose g*b + 9 = 29, -5*h + 5*b + r = 0. What are the prime factors of h?
3, 5
Suppose 10*k - 5*k = 2*m + 10, 3*m - 35 = -5*k. Let v(r) = 3*r**2 - 4*r - 4. List the prime factors of v(k).
2, 7
Let v(w) = 3*w**2 + w + 1. Let i be v(-1). Let d(t) = 4*t**i + 0*t**2 - 4*t**2 + 5*t**2. List the prime factors of d(1).
5
Let d(h) = 0*h - 4 - 1 - 2*h. Let w be (-14)/(-21) + 20/(-3). What are the prime factors of d(w)?
7
Let q be (-7)/(-3) - 2/6. Let j(m) = -2*m + 4. Let h be j(-3). Suppose q*f = f + h. What are the prime factors of f?
2, 5
Suppose -7 = -p + t + 25, -5*p = 4*t - 169. List the prime factors of p.
3, 11
Suppose 3*d - d + 5*l = -2, -2*l = d. Suppose 2*w - 17 = -z + 8, -d*w = z - 19. List the prime factors of z.
31
Suppose o - 5*o = 0. Suppose 4*h + o*h - a + 47 = 0, 3*h - 2*a = -29. Let q = h + 23. List the prime factors of q.
2, 5